?
-83b
Convert -391 (base 16) to base 7.
-2443
What is 10103 (base 4) in base 13?
182
Convert 23172 (base 10) to base 7.
124362
Convert 83 (base 15) to base 14.
8b
-9ae (base 15) to base 14
-b25
What is -89 (base 13) in base 8?
-161
212b5 (base 12) to base 14
11c81
146b8 (base 13) to base 3
1221211110
Convert 845 (base 11) to base 15.
47c
Convert -10020 (base 3) to base 8.
-127
Convert -411 (base 6) to base 8.
-227
Convert -1379 (base 15) to base 10.
-4164
2a19 (base 12) to base 3
20202010
Convert 2330 (base 11) to base 12.
192a
What is -4258 (base 11) in base 7?
-22261
What is -1311 (base 9) in base 14?
-502
What is 8 (base 10) in base 11?
8
What is -21102 (base 6) in base 2?
-101100011110
What is -2580 (base 10) in base 3?
-10112120
Convert -10110001100 (base 2) to base 10.
-1420
What is 1465 (base 12) in base 9?
3235
Convert -515 (base 12) to base 5.
-10422
1144 (base 5) to base 7
336
Convert -20121 (base 3) to base 10.
-178
Convert 101311 (base 4) to base 6.
5141
Convert -220112 (base 5) to base 4.
-1311230
What is 634 (base 16) in base 11?
1214
What is 1a2a8 (base 11) in base 2?
110111010010111
What is 35a (base 13) in base 3?
210120
Convert -112112120 (base 3) to base 15.
-3219
Convert -408 (base 11) to base 16.
-1ec
-450 (base 9) to base 10
-369
Convert -221021 (base 3) to base 9.
-837
What is 443250 (base 6) in base 14?
d6d8
10100101010 (base 2) to base 16
52a
Convert -85 (base 15) to base 2.
-1111101
-2569 (base 12) to base 16
-10a1
What is -a825 (base 11) in base 14?
-52db
What is -11455 (base 7) in base 15?
-d3a
-21a (base 13) to base 15
-191
-101111100011 (base 2) to base 15
-d7d
Convert -233023 (base 4) to base 15.
-d64
120122111 (base 3) to base 6
124451
435 (base 13) to base 5
10340
-203444 (base 5) to base 4
-1221131
-7930 (base 13) to base 10
-16939
-64537 (base 10) to base 7
-356104
Convert ed8 (base 15) to base 8.
6431
299c (base 13) to base 12
35b8
What is 1413 (base 14) in base 10?
3545
Convert 523 (base 6) to base 16.
c3
Convert 6a6 (base 14) to base 4.
110222
Convert 7675 (base 11) to base 8.
23615
-725 (base 10) to base 15
-335
-3030 (base 5) to base 2
-110000110
11201 (base 3) to base 13
9a
What is -3500 (base 6) in base 10?
-828
What is -88a9 (base 11) in base 12?
-695b
What is -2067 (base 8) in base 2?
-10000110111
What is -332a (base 11) in base 9?
-6015
Convert 202102 (base 3) to base 7.
1415
-1243535 (base 6) to base 5
-4140433
Convert 4d9 (base 16) to base 9.
1628
Convert -5a5 (base 15) to base 10.
-1280
-7198 (base 10) to base 16
-1c1e
-10000000 (base 2) to base 4
-2000
-1577 (base 11) to base 12
-1204
What is -21310 (base 4) in base 9?
-767
-c7c (base 15) to base 12
-1769
Convert -a33 (base 11) to base 2.
-10011011110
463 (base 11) to base 12
3a1
23300 (base 6) to base 11
2574
-225002 (base 6) to base 8
-45432
Convert 1a773 (base 12) to base 7.
222012
Convert -721 (base 12) to base 7.
-3004
34312 (base 5) to base 9
3330
Convert -500 (base 9) to base 7.
-1116
Convert 204 (base 8) to base 12.
b0
-11234 (base 8) to base 14
-1a44
-12651 (base 7) to base 13
-172b
Convert 3243 (base 14) to base 6.
104111
Convert 11000001101 (base 2) to base 5.
22144
Convert -15465 (base 11) to base 8.
-52533
What is 2004 (base 8) in base 3?
1102002
Convert 5324 (base 6) to base 2.
10010110100
What is -1223423 (base 5) in base 4?
-11300331
What is -205256 (base 8) in base 13?
-250c7
31c (base 15) to base 9
860
Convert 18b3 (base 12) to base 11.
22a1
Convert -27622 (base 8) to base 7.
-50335
Convert -54a (base 15) to base 14.
-615
What is 3114 (base 5) in base 6?
1521
What is -2040404 (base 5) in base 8?
-102076
What is -1649 (base 14) in base 3?
-12110121
What is 2713 (base 9) in base 10?
2037
Convert 7753 (base 9) to base 12.
3386
Convert 174 (base 16) to base 11.
309
Convert 54506 (base 10) to base 15.
1123b
-1728 (base 13) to base 7
-12645
What is -14741 (base 9) in base 13?
-4786
What is 234243 (base 5) in base 2?
10000111111010
What is 104025 (base 9) in base 8?
171044
-34355 (base 6) to base 8
-11437
What is -32 (base 13) in base 10?
-41
Convert 1221010 (base 3) to base 15.
63c
-10021002110 (base 3) to base 14
-19590
Convert -7454 (base 8) to base 12.
-22b8
What is 840 (base 10) in base 11?
6a4
What is 7307 (base 10) in base 16?
1c8b
What is 649 (base 10) in base 15?
2d4
Convert 12211110 (base 3) to base 9.
5743
-1111011110001 (base 2) to base 15
-2531
What is -211 (base 5) in base 12?
-48
What is -13032323 (base 4) in base 14?
-ab23
17530 (base 9) to base 10
12096
Convert 10cca (base 13) to base 8.
74043
1452b (base 14) to base 5
3103121
What is -86a (base 15) in base 3?
-2121101
What is -2199 (base 11) in base 10?
-2891
What is 2194 (base 12) in base 5?
104322
-5409 (base 10) to base 16
-1521
Convert -1011100101 (base 2) to base 10.
-741
What is -614 (base 14) in base 11?
-996
Convert 1e73 (base 15) to base 11.
4a90
What is 5a3 (base 12) in base 13?
4cb
What is -15822 (base 10) in base 3?
-210201000
What is 11322 (base 8) in base 7?
20022
What is 102122301 (base 4) in base 8?
223261
Convert -22141 (base 6) to base 12.
-1951
What is 213 (base 10) in base 15?
e3
16435 (base 7) to base 10
4681
10220221 (base 4) to base 8
45051
2414 (base 7) to base 15
3e8
-205 (base 11) to base 7
-502
11011101000 (base 2) to base 14
904
Convert -10020211 (base 3) to base 11.
-1866
What is -23129 (base 10) in base 9?
-34648
Convert 2214 (base 9) to base 14.
849
-77128 (base 9) to base 8
-143701
-644 (base 14) to base 9
-1623
-19013 (base 11) to base 13
-c17a
What is 742 (base 8) in base 6?
2122
What is 1323310 (base 4) in base 16?
1ef4
-1247 (base 10) to base 15
-582
-1176 (base 8) to base 2
-1001111110
Convert -2435 (base 7) to base 9.
-1218
Convert -328 (base 9) to base 8.
-415
What is 22132 (base 4) in base 5?
10140
What is 738a (base 11) in base 6?
113134
-1000111001111 (base 2) to base 9
-6225
Convert -24533 (base 8) to base 5.
-314322
-224 (base 14) to base 5
-3144
What is -2d1c (base 14) in base 9?
-12047
What is 870 (base 10) in base 9?
1166
Convert -492 (base 14) to base 4.
-32100
-7b1 (base 14) to base 4
-113313
404 (base 11) to base 6
2132
Convert -532 (base 6) to base 8.
-310
What is -1525 (base 8) in base 9?
-1147
Convert -20997 (base 12) to base 6.
-530311
816 (base 15) to base 16
71d
Convert -4775 (base 8) to base 5.
-40212
-5b0 (base 13) to base 11
-819
Convert -1816a (base 13) to base 16.
-b53a
What is 221210011 (base 3) in base 12?
aa64
32531 (base 10) to base 15
998b
Convert 438 (base 13) to base 7.
2052
1314 (base 5) to base 8
321
Convert -896 (base 10) to base 14.
-480
What is -20002 (base 3) in base 10?
-164
What is -7b (base 15) in base 11?
-a6
Convert -1655 (base 10) to base 9.
-2238
Convert -30604 (base 7) to base 3.
-101021211
Convert -129b (base 14) to base 11.
-2506
Convert -25b78 (base 12) to base 3.
-2122001002
Convert 816 (base 10) to base 8.
1460
Convert -4181 (base 14) to base 11.
-852a
-101 (base 8) to base 10
-65
Convert 3b1a (base 13) to base 11.
6403
14b9 (base 14) to base 16
e6b
Convert 1055 (base 7) to base 5.
3013
What is -10110100100100 (base 2) in base 10?
-11556
Convert 204233 (base 6) to base 10.
16509
-102224 (base 5) to base 7
-13012
3448 (base 9) to base 7
10310
156316 (base 7) to base 12
15b5a
What is a30 (base 16) in base 12?
1614
-120331 (base 4) to base 8
-3075
-212e (base 15) to base 12
-408b
What is -34 (base 7) in base 2?
-11001
What is 13038 (base 12) in base 16?
656c
What is -164 (base 14) in base 5?
-2114
Convert 956 (base 12) to base 14.
6d4
Convert 30b1 (base 15) to base 13.
48b8
What is -161 (base 16) in base 14?
-1b3
What is -471 (base 10) in base 3?
-122110
1010011101000110 (base 2) to base 13
16650
What is -3363 (base 14) in base 9?
-13186
Convert -1066 (base 9) to base 15.
-379
Convert 1110100010 (base 2) to base 3.
1021110
Convert 107 (base 13) to base 6.
452
What is 536 (base 16) in base 7?
3614
What is -17261 (base 9) in base 16?
-2e69
273 (base 8) to base 12
137
What is -8de (base 16) in base 11?
-1784
Convert -1020102021 (base 3) to base 2.
-101111100101001
What is -2114 (base 5) in base 2?
-100011100
Convert 1010011111010 (base 2) to base 13.
25a1
What is -12221 (base 3) in base 6?
-424
1884 (base 9) to base 13
87a
What is -935 (base 11) in base 4?
-101213
7535 (base 14) to